t u be 447/21 - ((-111)/(-21) - 5). Suppose -5*p + u + 99 = 0. What is the greatest common divisor of 40 and p?
8
Let r be ((-2 - 1 - -2) + -2)*-12. What is the highest common factor of 192 and r?
12
Let j be 9/(-36) + ((-130)/(-8) - -1). Suppose -3*u = -j - 4. Suppose 2 = 5*t + 2*c + 5, t - 13 = 3*c. What is the highest common divisor of u and t?
1
Let q(m) = -m**2 + 48*m - 204. Let z be q(40). Calculate the greatest common divisor of 8 and z.
4
Let o be -5*(-1)/(-2)*2140/(-50). Suppose -47 - o = -11*t. Calculate the highest common divisor of t and 14.
14
Suppose -546 = -21*t + 8*t. Calculate the highest common factor of 14 and t.
14
Suppose 9*j + 0*j = 45. Suppose -3*c = -3, -j*k + 0*c + 2*c + 1278 = 0. What is the greatest common divisor of 32 and k?
32
Suppose -3*z + 28 = 13. Suppose -z*x = 20 - 70. Calculate the greatest common divisor of 110 and x.
10
Let m be (-102)/1 - (0 - 4). Let n = -69 - m. What is the highest common divisor of 116 and n?
29
Let d(h) = 2*h**2 - 8*h - 6. Suppose 0 = -0*r - 4*r - 5*i + 48, -3*r + i + 17 = 0. Let n be d(r). What is the greatest common factor of 9 and n?
9
Suppose -889 - 2261 = -15*t. Suppose 3*m - 43 = -5*z + 119, -4*z - 3*m + 132 = 0. What is the greatest common divisor of z and t?
30
Let s(q) = q - 5. Let u be s(7). Let h be (-52)/(-2) + -5 + u. Suppose -52 + 8 = -g + 5*c, 59 = g - 2*c. What is the highest common factor of g and h?
23
Suppose 2*d + 5 = 81. Calculate the greatest common factor of 1216 and d.
38
Let v(d) = -2*d**2 - 25*d + 53. Let n be v(-14). What is the greatest common divisor of n and 473?
11
Let r(w) = -3*w - 3. Suppose 2*u = -u - 6. Let h be r(u). Let k be 10 + 1*(h + -4). Calculate the greatest common divisor of k and 18.
9
Let r = 482 + -474. Calculate the highest common factor of 10 and r.
2
Let x be (1/3)/(3/27). Suppose -w - 165 = -s, 4*s - 695 = -x*w - 63. Let k = s - 61. Calculate the highest common factor of k and 40.
20
Let y be 1/((-3)/(-5) - (-176)/(-308)). What is the greatest common factor of 10 and y?
5
Suppose 5*u + 2*f - 251 = 6*f, -3 = -3*f. Suppose 0 = -5*j + u - 1206. Let t be -28*(-11)/(j/(-144)). Calculate the highest common divisor of t and 24.
24
Let h(f) = 12*f - 49. Let z be h(5). Calculate the highest common factor of 319 and z.
11
Suppose 25*t + 4830 = 35*t. What is the highest common divisor of 69 and t?
69
Suppose -108 = -q + 2*j + 40, 0 = 3*q - 4*j - 434. Suppose 447 = 8*x + 79. Calculate the greatest common divisor of x and q.
46
Suppose 3 = -3*g, 2*g + 267 = 3*f + 5*g. What is the highest common factor of 66 and f?
6
Let t = -23 - -47. Suppose -5*g = 9 - t. Calculate the greatest common factor of g and 21.
3
Let y be (-20)/(-25)*10/2. Suppose 29 = y*k - 11. Calculate the highest common divisor of k and 5.
5
Suppose 8*m - 2 = -42. Let y = 10 - m. What is the greatest common divisor of y and 105?
15
Let s = -44 + 56. Let x = s + 10. What is the highest common factor of 22 and x?
22
Suppose 2*a - 4*p - 110 = 0, -5*a + 190 + 98 = 3*p. What is the greatest common factor of a and 38?
19
Let h be 6 + (-1 - -12) - -2. What is the highest common divisor of h and 19?
19
Let o = 65 - 64. Let c be 8 - (0 + -4)*o. What is the greatest common divisor of 48 and c?
12
Let x(q) = -9*q - 6. Let v be x(-9). Let p = 116 - v. Suppose 6*y - y - 72 = 2*w, w - p = -3*y. Calculate the highest common divisor of y and 98.
14
Suppose 0 = 2*y - 11 + 1. Suppose 2*r - 20 = -y*n - 60, 0 = 2*r - 5*n + 20. Let z = 41 + r. Calculate the highest common factor of z and 65.
13
Let h be ((0 - 1) + 16)*7. Suppose 4261 = 12*j + 121. Suppose 10*d + 13*d - j = 0. Calculate the greatest common divisor of h and d.
15
Let o(r) = 1 + 16*r + 3*r**2 - 3 - 9*r - 4*r**2. Let a be o(5). Let l = 0 + a. What is the greatest common divisor of l and 8?
8
Let g be 6/1*(-164)/(-123). Suppose 2*x - 108 = 36. Calculate the highest common factor of g and x.
8
Let n(d) = -14*d**2 - 2*d - 6*d - 4 + 32*d**2. Let w be n(-2). Suppose -4*z = -9*z + 60. Calculate the highest common factor of z and w.
12
Let t(p) = 5*p + 8. Let w(f) = -2*f - 49. Let b be w(-24). Let n be t(b). What is the highest common divisor of n and 69?
3
Suppose -3*h - 15 = 30. Let t be ((-24)/h*50/4)/2. What is the highest common factor of t and 35?
5
Let k be (-10 + 6)*(-231)/22. What is the greatest common factor of k and 1302?
42
Suppose -5 = -2*m - 1. Suppose -3*v + 125 = m*v. What is the greatest common divisor of v and 200?
25
Let g(o) = -o**2 + 10*o - 4. Suppose 5*v = -3*c + 37, -5*c = -v - 4*v + 5. Let d be g(c). Calculate the highest common factor of 220 and d.
20
Suppose -717 = -5*i + 163. Let m = i + -104. What is the highest common divisor of m and 24?
24
Let w(n) = n + 2. Let u be w(0). Suppose -6 - 14 = -4*r. Suppose -r*y = 16 - 106. What is the greatest common factor of u and y?
2
Let h(d) = -3*d**3 - 2*d**2 - 2*d. Let w be h(-1). Let v be (3 + 92 - -1) + w. Let m = 34 - 23. Calculate the greatest common factor of v and m.
11
Suppose 286*h = 292*h - 42. Calculate the greatest common divisor of h and 3.
1
Let l be 1258/111 + ((-8)/(-6))/2. Let v be (2 - (0 - -2)) + 72. What is the greatest common divisor of v and l?
12
Suppose 2*p = 3*d - 370, p + 14 = 15. What is the greatest common divisor of d and 1178?
62
Let l(n) = 3*n**2 + 2*n + 10. Let i be l(5). Suppose 0 = 4*q + 15 - i. Calculate the greatest common factor of q and 30.
10
Suppose -25*x = 4*d - 23*x - 22, 20 = 4*d + 4*x. Let y be 4/(6/9*1). Calculate the greatest common factor of d and y.
6
Let a be -1 - ((-1 - 9) + 0). Suppose 0 = -m - 1 + a. Let d = -26 + 46. What is the greatest common factor of d and m?
4
Suppose -12*k = -9*k - 15. Suppose 0 = 4*c - f - 106, -2*c - 2*f + k*f = -48. Let q be 2 - 0/2 - -1. Calculate the highest common factor of c and q.
3
Let q be 3*-1 - -2 - -17. Suppose -90 = -i - 14*i. Let u be ((-3)/i)/((-1)/96). What is the highest common divisor of q and u?
16
Let h be 212256/(-924)*(-1*1 - 6). What is the highest common divisor of 48 and h?
24
Suppose -2*t + 10 = -2*l, -l - 2*t + 30 = -5*l. Let g(q) = -3*q - 12. Let a be g(l). Let j = a - -42. What is the greatest common factor of j and 20?
20
Suppose 3*u = k - 10, 0 = 4*k + 49*u - 51*u - 10. What is the highest common factor of 197 and k?
1
Suppose 94 + 626 = 3*g. Suppose 4*b = 99 + 21. Calculate the highest common factor of g and b.
30
Let o be 40*31/((-186)/(-36)). Calculate the highest common factor of 105 and o.
15
Let y(j) = j**2 - 8*j. Let m be y(5). Let h be ((-72)/m)/((-3)/(-30)). Calculate the highest common divisor of 72 and h.
24
Let s = -256 + 270. What is the highest common factor of 119 and s?
7
Suppose -5696 - 7122 = -34*g. Calculate the highest common divisor of 13 and g.
13
Suppose -16*f + 49 - 88 = -87. Suppose 0 = 4*u - 7 - 1. Suppose u*g - 2*x = -g + 1, -4*g - 4*x + 28 = 0. Calculate the highest common factor of g and f.
3
Suppose 5*n - 2608 = 2*t + 1358, 5*n + 3*t = 3951. Calculate the greatest common factor of 12 and n.
12
Let n = 895 - 164. Let z = n + -475. What is the highest common divisor of 32 and z?
32
Suppose -2*t = 3*c - 3 + 15, -4*c - 16 = 4*t. Let i(r) = -11*r - 5. Let g be i(c). What is the highest common divisor of g and 52?
13
Let m = -1 + -3. Let h be m + 0 + 2 - -16. Suppose -5*y - 287 = -3*d + 86, y - 757 = -6*d. What is the highest common factor of h and d?
14
Suppose 4*m + 286 = 326. What is the greatest common factor of m and 410?
10
Let g be ((-3 - -5) + -3)*-1. Let j = g + -1. Let h(r) = r**2 + r + 48. Let k be h(j). Calculate the highest common factor of 6 and k.
6
Let g(i) = -i**2 - 7*i - 7. Let f be g(-4). Suppose 2*q + 149 = f*y + 534, 3*y + 600 = 3*q. Calculate the greatest common divisor of 82 and q.
41
Let b(f) = f**2 + 1. Let i be b(-2). Suppose -i*k + h = -75 + 24, 3*h = 3*k - 21. What is the highest common factor of 1 and k?
1
Let v(x) = -x - 5. Let m(i) = -1. Let q(h) = 4*m(h) - v(h). Let u be q(3). Let b be 62 - (-3)/(12/u). What is the greatest common factor of b and 9?
9
Let x be (1/(-2)*-10)/(45/18). Suppose 3*t + x*t = -2*g + 926, 3*g = -2*t + 377. What is the greatest common divisor of 23 and t?
23
Let t(m) = 17*m + 3. Suppose 2*h - 14 = -2. Let o be t(h). What is the highest common factor of 21 and o?
21
Let d = 86 + -62. Let b(v